{"id":1080,"date":"2016-09-19T11:14:44","date_gmt":"2016-09-19T11:14:44","guid":{"rendered":"http:\/\/vangard.edge-themes.com\/?page_id=1080"},"modified":"2022-04-29T18:43:11","modified_gmt":"2022-04-29T18:43:11","slug":"infantil","status":"publish","type":"page","link":"https:\/\/objetivomogi.com.br\/guaxupe\/site\/paginainicial\/infantil\/","title":{"rendered":"Ensino Infantil"},"content":{"rendered":"<p>[vc_row row_type=&#8221;parallax&#8221; full_screen_section_height=&#8221;no&#8221; parallax_background_image=&#8221;7540&#8243;][vc_column]\n<div class=\"mkd-banner vertical-alignment-bottom horizontal-alignment-left mkd-bih-zoom\">\n\t\t\t<div class=\"mkd-banner-image-inner\">\n\t\t\t\t\t\t\t<div class=\"mkd-banner-image\">\n\t\t\t\t\t<img loading=\"lazy\" decoding=\"async\" width=\"1920\" height=\"750\" src=\"https:\/\/objetivomogi.com.br\/guaxupe\/site\/wp-content\/uploads\/2022\/04\/infanti10-1.jpg\" class=\"attachment-full size-full\" alt=\"\" srcset=\"https:\/\/objetivomogi.com.br\/guaxupe\/site\/wp-content\/uploads\/2022\/04\/infanti10-1.jpg 1920w, https:\/\/objetivomogi.com.br\/guaxupe\/site\/wp-content\/uploads\/2022\/04\/infanti10-1-300x117.jpg 300w, https:\/\/objetivomogi.com.br\/guaxupe\/site\/wp-content\/uploads\/2022\/04\/infanti10-1-1024x400.jpg 1024w, https:\/\/objetivomogi.com.br\/guaxupe\/site\/wp-content\/uploads\/2022\/04\/infanti10-1-768x300.jpg 768w, https:\/\/objetivomogi.com.br\/guaxupe\/site\/wp-content\/uploads\/2022\/04\/infanti10-1-1536x600.jpg 1536w\" sizes=\"auto, (max-width: 1920px) 100vw, 1920px\" \/>\t\t\t\t<\/div>\n\t\t\t\t\n\t\t\t<div class=\"mkd-banner-info\">\n\t\t\t\t<div class=\"mkd-banner-info-table\">\n\t\t\t\t\t<div class=\"mkd-banner-info-table-cell\">\n\t\t\t\t\t\t\t\t\t\t\t\t\t<div class=\"mkd-banner-title-holder\">\n\t\t\t\t\t\t\t\t<h2 class=\"mkd-banner-title\" data-hover-color=\"#ffffff\" style=\"color: #ffffff\">\n\t\t\t\t\t\t\t\t\tEnsino Infantil\t\t\t\t\t\t\t\t<\/h2>\n\t\t\t\t\t\t\t<\/div>\n\t\t\t\t\t\t\t\t\t\t\t<\/div>\n\t\t\t\t<\/div>\n\t\t\t<\/div>\n\t\t<\/div>\n\t<\/div>[\/vc_column][\/vc_row][vc_row][vc_column]<div class=\"mkd-elements-holder mkd-three-columns mkd-responsive-mode-768\" ><div class=\"mkd-elements-holder-item mkd-vertical-alignment-top\" data-item-class=\"mkd-elements-holder-custom-428705\" data-1280-1440=\"26% 5% 30% 16%\" data-1024-1280=\"23% 5% 28% 13%\" data-768-1024=\"20% 5% 22% 13%\" data-600-768=\"23% 25% 25% 13%\" data-480-600=\"20% 12% 23% 13%\" data-480=\"20% 12% 23% 13%\" style=\"background-color: #f6f6f6\">\n\t\t<div class=\"mkd-elements-holder-item-inner\">\n\t\t<div class=\"mkd-elements-holder-item-content mkd-elements-holder-custom-428705\" style=\"padding: 28% 16% 31% 18%\">\n\t\t\t[vc_column_text]<\/p>\n<h3>Movimento<\/h3>\n<p>[\/vc_column_text][vc_empty_space height=&#8221;20px&#8221;][vc_column_text]A Educa\u00e7\u00e3o F\u00edsica na Educa\u00e7\u00e3o Infantil tem um papel important\u00edssimo no desenvolvimento das crian\u00e7as, organizada em um ambiente adequado e d\u00e1 oportunidade para que tenham experi\u00eancias positivas que lhes proporcionem um crescimento sadio e o desenvolvimento de v\u00e1rias habilidades[\/vc_column_text][vc_empty_space height=&#8221;38px&#8221;]\t\t<\/div>\n\t<\/div>\n<\/div><div class=\"mkd-elements-holder-item mkd-vertical-alignment-top\" data-item-class=\"mkd-elements-holder-custom-789668\" data-1280-1440=\"0% 3% 3% 16%\" data-1024-1280=\"23% 5% 28% 13%\" data-768-1024=\"0% 3% 3% 13%\" data-600-768=\"23% 25% 25% 13%\" data-480-600=\"20% 8% 23% 13%\" data-480=\"20% 8% 23% 13%\" >\n\t\t<div class=\"mkd-elements-holder-item-inner\">\n\t\t<div class=\"mkd-elements-holder-item-content mkd-elements-holder-custom-789668\" style=\"padding: 0% 14% 3% 19%\">\n\t\t\t[vc_column_text]<\/p>\n<h3>Natureza e Cultura<\/h3>\n<p>[\/vc_column_text][vc_empty_space height=&#8221;20px&#8221;][vc_column_text]<\/p>\n<div class=\"grid-50 tablet-grid-100 mobile-grid-100 about-box\">\n<div class=\"about-box\">\n<p>Aulas pr\u00e1ticas em que os alunos obt\u00eam respostas \u00e0s suas d\u00favidas e curiosidades, reproduzindo fen\u00f4menos ao alcance de seu conhecimento. A investiga\u00e7\u00e3o \u00e9 constante<\/p><\/div>\n<\/div>\n<p>[\/vc_column_text][vc_empty_space height=&#8221;38px&#8221;]\t\t<\/div>\n\t<\/div>\n<\/div><div class=\"mkd-elements-holder-item mkd-vertical-alignment-top\" data-item-class=\"mkd-elements-holder-custom-697150\" data-1280-1440=\"0% 3% 3% 16%\" data-1024-1280=\"23% 5% 28% 13%\" data-768-1024=\"0% 7% 3% 13%\" data-600-768=\"23% 25% 25% 13%\" data-480-600=\"20% 8% 23% 13%\" data-480=\"20% 8% 23% 13%\" style=\"background-color: #f6f6f6\">\n\t\t<div class=\"mkd-elements-holder-item-inner\">\n\t\t<div class=\"mkd-elements-holder-item-content mkd-elements-holder-custom-697150\" style=\"padding: 0% 16% 3% 19%\">\n\t\t\t[vc_column_text]<\/p>\n<h3>M\u00fasica<\/h3>\n<p>[\/vc_column_text][vc_empty_space height=&#8221;20px&#8221;][vc_column_text]Vivenciando m\u00fasica, os alunos desenvolvem o gosto e a sensibilidade musical e a express\u00e3o corporal. Durante o ano letivo, as comemora\u00e7\u00f5es realizadas na Educa\u00e7\u00e3o Infantil do COL\u00c9GIO OBJETIVO contam com apresenta\u00e7\u00f5es dos alunos em n\u00fameros musicais e dramatiza\u00e7\u00f5es[\/vc_column_text][vc_empty_space height=&#8221;38px&#8221;]\t\t<\/div>\n\t<\/div>\n<\/div><\/div>[\/vc_column][\/vc_row][vc_row content_aligment=&#8221;center&#8221;][vc_column]<div class=\"mkd-elements-holder mkd-two-columns mkd-responsive-mode-768\" ><div class=\"mkd-elements-holder-item \" data-item-class=\"mkd-elements-holder-custom-942270\" data-600-768=\"50% 0 50% 0\" data-480-600=\"50% 0 50% 0\" data-480=\"50% 0 50% 0\" style=\"background-image: url(https:\/\/objetivomogi.com.br\/guaxupe\/site\/wp-content\/uploads\/2021\/11\/infanti3.jpg)\">\n\t\t<div class=\"mkd-elements-holder-item-inner\">\n\t\t<div class=\"mkd-elements-holder-item-content mkd-elements-holder-custom-942270\" style=\"padding: 0 0 0 0\">\n\t\t\t\t\t<\/div>\n\t<\/div>\n<\/div><div class=\"mkd-elements-holder-item \" data-item-class=\"mkd-elements-holder-custom-835770\" data-1280-1440=\"25% 11% 28% 11%\" data-1024-1280=\"25% 11% 29% 11%\" data-768-1024=\"30% 11% 32% 11%\" data-600-768=\"30% 23% 32% 23%\" data-480-600=\"33.3% 12% 33.3% 12%\" data-480=\"33.3% 12% 33.3% 12%\" style=\"background-image: url(https:\/\/objetivomogi.com.br\/guaxupe\/site\/wp-content\/uploads\/2016\/09\/Case-study-background-img-2.jpg)\">\n\t\t<div class=\"mkd-elements-holder-item-inner\">\n\t\t<div class=\"mkd-elements-holder-item-content mkd-elements-holder-custom-835770\" style=\"padding: 31.5% 21% 34% 21%\">\n\t\t\t[vc_column_text]<\/p>\n<h3>Atividades desenvolvidas com o material did\u00e1tico<\/h3>\n<p>[\/vc_column_text][vc_empty_space height=&#8221;15px&#8221;][vc_column_text]<\/p>\n<p style=\"text-align: center;\">Na Educa\u00e7\u00e3o Infantil, as crian\u00e7as devem utilizar a linguagem como meio de comunica\u00e7\u00e3o, express\u00e3o do pensamento, dos sentimentos e das viv\u00eancias, representa\u00e7\u00e3o e modifica\u00e7\u00e3o da realidade.<\/p>\n<p style=\"text-align: center;\">Cada crian\u00e7a, durante toda a escolaridade, como leitora e produtora, faz experi\u00eancias da utilidade e das diferentes fun\u00e7\u00f5es da linguagem, do poder que d\u00e1 o dom\u00ednio suficiente da escrita e do prazer que pode proporcionar a produ\u00e7\u00e3o de um texto escrito<\/p>\n<p>[\/vc_column_text][vc_empty_space height=&#8221;42px&#8221;]\t\t<\/div>\n\t<\/div>\n<\/div><\/div>[\/vc_column][\/vc_row][vc_row content_aligment=&#8221;center&#8221;][vc_column]<div class=\"mkd-elements-holder mkd-two-columns mkd-responsive-mode-768\" ><div class=\"mkd-elements-holder-item \" data-item-class=\"mkd-elements-holder-custom-940497\" data-1280-1440=\"25% 11% 28% 11%\" data-1024-1280=\"25% 11% 29% 11%\" data-768-1024=\"30% 11% 32% 11%\" data-600-768=\"30% 23% 32% 23%\" data-480-600=\"33.3% 12% 33.3% 12%\" data-480=\"33.3% 12% 33.3% 12%\" style=\"background-image: url(https:\/\/objetivomogi.com.br\/guaxupe\/site\/wp-content\/uploads\/2016\/09\/Case-study-background-img-3.jpg)\">\n\t\t<div class=\"mkd-elements-holder-item-inner\">\n\t\t<div class=\"mkd-elements-holder-item-content mkd-elements-holder-custom-940497\" style=\"padding: 31.5% 21% 34% 21%\">\n\t\t\t[vc_column_text]<\/p>\n<h3 style=\"text-align: center;\">Introdu\u00e7\u00e3o \u00e0 L\u00f3gica Natural e Atividades<\/h3>\n<h3 style=\"text-align: center;\">Pr\u00e9-Num\u00e9ricas<\/h3>\n<p>[\/vc_column_text][vc_empty_space height=&#8221;15px&#8221;][vc_column_text]<\/p>\n<p style=\"text-align: center;\">Em L\u00f3gica Natural e Atividades Pr\u00e9-Num\u00e9ricas, a crian\u00e7a exercita a manipula\u00e7\u00e3o de materiais concretos antes de assimilar conceitos abstratos, o que evita a mecaniza\u00e7\u00e3o de t\u00e9cnicas sem uma real compreens\u00e3o.<br \/>\nAs viv\u00eancias nessa \u00e1rea s\u00e3o muitas.<br \/>\nRealizadas v\u00e1rias vezes por semana, introduzem as mat\u00e9rias a serem trabalhadas posteriormente<\/p>\n<p>[\/vc_column_text][vc_empty_space height=&#8221;42px&#8221;]\t\t<\/div>\n\t<\/div>\n<\/div><div class=\"mkd-elements-holder-item \" data-item-class=\"mkd-elements-holder-custom-274708\" data-600-768=\"50% 0 50% 0\" data-480-600=\"50% 0 50% 0\" data-480=\"50% 0 50% 0\" style=\"background-image: url(https:\/\/objetivomogi.com.br\/guaxupe\/site\/wp-content\/uploads\/2021\/11\/infanti2.jpg)\">\n\t\t<div class=\"mkd-elements-holder-item-inner\">\n\t\t<div class=\"mkd-elements-holder-item-content mkd-elements-holder-custom-274708\" style=\"padding: 0 0 0 0\">\n\t\t\t\t\t<\/div>\n\t<\/div>\n<\/div><\/div>[\/vc_column][\/vc_row][vc_row content_aligment=&#8221;center&#8221;][vc_column]<div class=\"mkd-elements-holder mkd-two-columns mkd-responsive-mode-768\" ><div class=\"mkd-elements-holder-item \" data-item-class=\"mkd-elements-holder-custom-961062\" data-600-768=\"50% 0 50% 0\" data-480-600=\"50% 0 50% 0\" data-480=\"50% 0 50% 0\" style=\"background-image: url(https:\/\/objetivomogi.com.br\/guaxupe\/site\/wp-content\/uploads\/2021\/11\/infanti4.jpg)\">\n\t\t<div class=\"mkd-elements-holder-item-inner\">\n\t\t<div class=\"mkd-elements-holder-item-content mkd-elements-holder-custom-961062\" style=\"padding: 0 0 0 0\">\n\t\t\t\t\t<\/div>\n\t<\/div>\n<\/div><div class=\"mkd-elements-holder-item \" data-item-class=\"mkd-elements-holder-custom-774596\" data-1280-1440=\"25% 11% 28% 11%\" data-1024-1280=\"25% 11% 29% 11%\" data-768-1024=\"30% 11% 32% 11%\" data-600-768=\"30% 23% 32% 23%\" data-480-600=\"33.3% 12% 33.3% 12%\" data-480=\"33.3% 12% 33.3% 12%\" >\n\t\t<div class=\"mkd-elements-holder-item-inner\">\n\t\t<div class=\"mkd-elements-holder-item-content mkd-elements-holder-custom-774596\" style=\"padding: 31.5% 21% 34% 21%\">\n\t\t\t[vc_column_text]<\/p>\n<h3>Em toda caminhada, h\u00e1 sempre um objetivo<\/h3>\n<p>[\/vc_column_text][vc_empty_space height=&#8221;15px&#8221;][vc_column_text][\/vc_column_text][vc_empty_space height=&#8221;42px&#8221;]\t\t<\/div>\n\t<\/div>\n<\/div><\/div>[\/vc_column][\/vc_row]<\/p>\n","protected":false},"excerpt":{"rendered":"<p>[vc_row row_type=&#8221;parallax&#8221; full_screen_section_height=&#8221;no&#8221; parallax_background_image=&#8221;7540&#8243;][vc_column][\/vc_column][\/vc_row][vc_row][vc_column][\/vc_column][\/vc_row][vc_row content_aligment=&#8221;center&#8221;][vc_column][\/vc_column][\/vc_row][vc_row content_aligment=&#8221;center&#8221;][vc_column][\/vc_column][\/vc_row][vc_row content_aligment=&#8221;center&#8221;][vc_column][\/vc_column][\/vc_row]<\/p>\n","protected":false},"author":1,"featured_media":0,"parent":5966,"menu_order":0,"comment_status":"closed","ping_status":"closed","template":"full-width.php","meta":{"footnotes":""},"class_list":["post-1080","page","type-page","status-publish","hentry"],"_links":{"self":[{"href":"https:\/\/objetivomogi.com.br\/guaxupe\/site\/wp-json\/wp\/v2\/pages\/1080","targetHints":{"allow":["GET"]}}],"collection":[{"href":"https:\/\/objetivomogi.com.br\/guaxupe\/site\/wp-json\/wp\/v2\/pages"}],"about":[{"href":"https:\/\/objetivomogi.com.br\/guaxupe\/site\/wp-json\/wp\/v2\/types\/page"}],"author":[{"embeddable":true,"href":"https:\/\/objetivomogi.com.br\/guaxupe\/site\/wp-json\/wp\/v2\/users\/1"}],"replies":[{"embeddable":true,"href":"https:\/\/objetivomogi.com.br\/guaxupe\/site\/wp-json\/wp\/v2\/comments?post=1080"}],"version-history":[{"count":26,"href":"https:\/\/objetivomogi.com.br\/guaxupe\/site\/wp-json\/wp\/v2\/pages\/1080\/revisions"}],"predecessor-version":[{"id":10021,"href":"https:\/\/objetivomogi.com.br\/guaxupe\/site\/wp-json\/wp\/v2\/pages\/1080\/revisions\/10021"}],"up":[{"embeddable":true,"href":"https:\/\/objetivomogi.com.br\/guaxupe\/site\/wp-json\/wp\/v2\/pages\/5966"}],"wp:attachment":[{"href":"https:\/\/objetivomogi.com.br\/guaxupe\/site\/wp-json\/wp\/v2\/media?parent=1080"}],"curies":[{"name":"wp","href":"https:\/\/api.w.org\/{rel}","templated":true}]}}